3019)*(3 - (-63)/(-18))?
9
Suppose 2*j = -12, -5*s - 61*j + 63*j = -52142. What is the hundreds digit of s?
4
Let r be 1/1 - 7 - -4. Let b = 6 - r. Suppose b*f = 628 + 300. What is the units digit of f?
6
Let s(y) = 10*y**2 + y + 1. Let f(c) = 19*c**2 + c + 1. Let l(p) = -4*f(p) + 7*s(p). Let v be l(-1). Let n = v + 18. What is the units digit of n?
2
Let w = 13362 + -8392. What is the thousands digit of w?
4
What is the hundreds digit of (6080/(-100) - 7)/((9/(-1370))/9)?
8
Suppose 4*k = -y + 331, 2*k + 15*y - 176 = 13*y. What is the units digit of k?
1
Suppose c + 2*j = 1622, 42*j - 47*j = 2*c - 3239. What is the tens digit of c?
3
Let m = -45 - -65. Let n be 8914/(-8) + -1 + m/16. What is the hundreds digit of 7/((-105)/6) + n/(-10)?
1
Let j = 86 + 2096. What is the hundreds digit of j?
1
Let q = -10736 + 18992. What is the tens digit of q?
5
Let d(j) = -30*j - 135. Let n be d(38). Let q = n + 2150. What is the units digit of q?
5
Let w(n) = 511*n - 2253. What is the hundreds digit of w(22)?
9
Suppose 0 = 2*n - 3 - 7, 4*n = -5*l + 25. Let r(x) = x**2 - 20*x + 101. Let w be r(15). What is the tens digit of (3 - 6)/l + w?
2
Let y(l) be the third derivative of -l**6/120 + 3*l**5/20 + l**4/3 + 7*l**3/2 - 8*l**2 - 3. What is the units digit of y(5)?
1
Suppose g + 2*g + 807 = -5*l, 4*g + 3*l + 1076 = 0. Let q = g - -350. What is the units digit of q?
1
Let d be 0 - 126/(-26) - 54/(-351). Suppose -d*a + 276 = -679. Suppose -6*m - 29 = -a. What is the tens digit of m?
2
What is the tens digit of -1*1/(-5)*(58854 - 199)?
3
Let j be 6/(-42) + 58/14. Suppose -w + j*w = 0. Let k(a) = a**2 + a + 148. What is the units digit of k(w)?
8
Let g be (48/14)/(-9*20/(-1890)). Let q(o) = -388*o**3 - 2*o**2 - o. Let u be q(-1). Suppose g*k = 33*k + u. What is the units digit of k?
9
Let j be (-44 - -45)*(1 + 0). What is the tens digit of 945*j - 0 - (-1 - -6)?
4
Suppose 5*t = -2*l + 210, 3*l - 21 + 6 = 0. What is the hundreds digit of ((-578)/4 - -2)*t/(-30)?
1
Let r = -368 - -623. Let v be (-2)/(-14) + 243276/(-1358). Let c = v + r. What is the tens digit of c?
7
Let q = 33372 + -12614. What is the thousands digit of q?
0
Let o = 83 - 222. Let z = 145 + o. What is the units digit of -4 + 3 + z - -87?
2
Suppose 68 = 4*s + 4*a, -3*a = 10 - 1. Let k be (s - -4)/((-6)/4). What is the tens digit of 4/k + (-301)/(-4)?
7
Let y(d) = 195*d**2 + 13*d - 6. Let n(k) = 586*k**2 + 37*k - 17. Let g(m) = 4*n(m) - 11*y(m). What is the tens digit of g(1)?
0
Suppose -4*t = -5*m - 2*t + 1504, t + 302 = m. Let s = m + -154. What is the tens digit of s?
4
Let c = -15479 + 16685. What is the tens digit of c?
0
Let v(j) = 153*j**3 - 10*j**2 + 72*j - 201. What is the tens digit of v(5)?
3
Suppose -1666 = -11*u - 4240. Let s = -216 - u. What is the units digit of s?
8
Let w = -3553 - -35008. What is the hundreds digit of w?
4
Let d be 21/6*24/21. Suppose -5*c = -n - n - 187, d*n = 5*c - 179. Suppose -m = -2*h + c, 2*h + 2*m - 6 - 42 = 0. What is the tens digit of h?
2
Let k = -12184 + 51643. What is the tens digit of k?
5
Let u(l) = 3*l + 40. Let s be u(-12). Suppose -3*h + 9*c - s*c = 362, 16 = 4*c. Let v = 116 + h. What is the units digit of v?
2
Suppose -4*p + 8*p = 2160. What is the tens digit of (p/150)/((-4)/(-350))?
1
Suppose -4*m + 2 = 22. Let h be (3*(-2 + 4))/(m/(-5)). Let z(l) = l**2 - 6*l + 30. What is the units digit of z(h)?
0
Let b be -2 + 6 + -1 + 1. Suppose -t = b*w + 16, -4*t = w - 4*w - 31. Suppose 5*r - 3*a = 293, t*r + 4*a + 60 = 288. What is the units digit of r?
8
Suppose -86 = -2*m + 30. Suppose 3952 = -39*p + m*p. What is the units digit of p?
8
Let n(m) = -2*m**3 + 35*m**2 - 15*m - 32. Let v be n(17). Suppose -216 = v*r - 186. Let o = 66 + r. What is the tens digit of o?
5
What is the ten thousands digit of 11878 + (-22 - (2 + -8))?
1
Suppose 0 = -59*h + 2*h + 1659098 - 614516. What is the ten thousands digit of h?
1
Let c(q) = q**3 - 8*q**2 - 18*q + 14. Let d(j) = -j**3 + 7*j**2 + 18*j - 15. Let u(n) = -6*c(n) - 5*d(n). What is the units digit of u(13)?
5
Let i(z) = 9*z**2 + 10*z - 13. Let b be i(2). Let j = b - -48. What is the units digit of j?
1
Let z = 613 + -335. Suppose -3*x - 2*a + z = -1704, -3297 = -5*x + 3*a. What is the hundreds digit of x?
6
Let k = 25948 - 19533. What is the hundreds digit of k?
4
Suppose 541 = -2*l + v + 1440, l + 2*v = 452. Suppose l = -4*j + 19*j. What is the units digit of j?
0
Let a be ((-35076)/18)/((-2)/3). Suppose 4*m = -8, 0 = 3*k - 3*m + 4*m - a. Suppose 2*f + 181 = w, -10*w - 4*f = -5*w - k. What is the units digit of w?
1
What is the thousands digit of (39/15 - 2) + (-2942667)/(-455)?
6
Suppose 2*i = -5*v + 12531, -i + 6273 = -9*v + 14*v. What is the tens digit of i?
5
Let n = -78 - -77. Let f be (11*n)/((-1)/38). Let i = f - 254. What is the hundreds digit of i?
1
Let i(w) be the first derivative of -35*w**2/2 - 176*w + 100. What is the hundreds digit of i(-21)?
5
Let u(h) = -15 + 13 - 10 + 163*h + 27. What is the units digit of u(4)?
7
Suppose 0 = -10*p + 112 + 648. Suppose 840 = -p*c + 84*c. What is the hundreds digit of c?
1
Suppose 7*l - 43 + 22 = 0. Suppose -4*v + l*n + 1572 = 0, -6*n = -4*n. What is the units digit of v?
3
Let l be (-4)/5 + (-28)/(-10). Suppose c + 3*c + l*o = -96, 0 = 2*c - 5*o + 36. What is the tens digit of 1/((-4)/12*-1) - c?
2
Suppose -4525 = 7*s - 997. What is the units digit of 4 - (-19)/((-114)/s)?
8
Let g = 117 - 55. Let p = g - 59. What is the tens digit of p/6*(27*15 + -3)?
0
Suppose j = 4*d + 2*j + 36, -j + 4 = 0. What is the units digit of 2/(-6) - d/((-330)/(-31427))?
2
Let n(i) = 274*i + 9. Let y be n(-1). Let z = -237 - y. What is the tens digit of z?
2
Let y(k) = -23*k - 552. Let f be y(-10). Let a = -614 - -144. Let q = f - a. What is the tens digit of q?
4
Suppose -19*g - 399 = -152*g. Suppose 3*t = 15 + 3. Suppose -t*h = -g*h - 459. What is the tens digit of h?
5
Suppose -132*f + 126*f + 140838 = 0. What is the thousands digit of f?
3
Let p(x) = 6636*x - 2166. What is the units digit of p(5)?
4
Suppose 3740 = 4*h + 49*b - 55*b, -h - 2*b = -935. What is the hundreds digit of h?
9
Suppose -37*s = -782710 + 223862. What is the thousands digit of s?
5
Let u(o) = o**2 + 6*o - 12. Let q be u(-12). Let a(b) = -b**3 + 3*b**2 + 6*b - 1. Let g be a(4). Let p = q + g. What is the units digit of p?
7
Let o(u) = 2164*u**2 - 64*u - 218. What is the tens digit of o(-5)?
0
Let v = 229 - 98. Suppose v = 4*d - 449. What is the hundreds digit of d?
1
Let a(g) = 7*g + 1664. Let k be a(0). Suppose 6*i - k = 550. Suppose -b = -5*y + i, 4*b - 49 - 227 = -4*y. What is the tens digit of y?
7
Suppose -q + 8*q - 19664 = -q. What is the hundreds digit of q?
4
Let k be (6 - 61/2)*564/(-7). Suppose -5*q + 1976 = 3*n, -8*q + 3*q - 2*n + k = 0. What is the tens digit of q?
9
Let s = -16690 + 11312. What is the hundreds digit of (-20)/190 + 2/(-19)*s?
5
Let q = 78724 - 25873. What is the ten thousands digit of q?
5
Suppose 0 = -10*w - 4364 + 133359 + 42085. What is the hundreds digit of w?
1
Let u(w) = 16*w**3 + 16*w**2 - 141*w + 1480. What is the thousands digit of u(10)?
7
Suppose 61*a - 66*a = -15. Let u(g) = -1 + 11*g**2 + 10*g - 3 - 2. What is the units digit of u(a)?
3
Let l be 10/4*12/15 - -3. What is the units digit of (l - -2)*(-23760)/(-231)?
0
Suppose s + 24 - 14 = -l, 0 = -3*s + 4*l + 5. Let t(x) be the first derivative of -x**4/4 - x**3 - x**2 - 2*x - 1. What is the tens digit of t(s)?
5
Suppose 253*k = 217*k + 256752. What is the units digit of k?
2
Suppose -185*u - 949278 = -218*u. What is the thousands digit of u?
8
Let j(d) = -145*d - 15. Let f be j(12). Let k = f - -3008. What is the thousands digit of k?
1
Let w be 4/(-3) + 2 - 4/(-12). Suppose 2*v - 3*v + w = -5*z, 3*v - 5*z = 3. Let r(f) = 49*f**3 - 2*f**2 - 3*f + 4. What is the tens digit of r(v)?
4
Suppose 3*a = 3*w + 366, -565 = -5*a + 2*w + 33. Suppose -a = -p - 1. Suppose 0 = t + 43 - p. What is the tens digit of t?
7
Suppose -17*x + 29503 + 98796 = 0. What is the thousands digit of x?
7
Let s(p) = -2*p**2 + p - 1991. Let x be s(0). Let c = 939 + x. What is the units digit of 4/8 - (1 + c/8)?
1
Let c(p) = -40*p + 55. Let x be c(-14). Let o = -320 + x. Suppose 18*n = 23*n - o. What is the tens digit of n?
5
Let x(b) = b**3 + 2*b*